{"id":2,"date":"2016-07-15T19:15:41","date_gmt":"2016-07-15T17:15:41","guid":{"rendered":"http:\/\/bistro-katt.eu\/?page_id=2"},"modified":"2022-05-24T19:10:40","modified_gmt":"2022-05-24T17:10:40","slug":"sample-page","status":"publish","type":"page","link":"https:\/\/bistro-katt.eu\/?page_id=2","title":{"rendered":"Das Bistro"},"content":{"rendered":"<blockquote><p><strong>Liebe G\u00e4ste, herzlich willkommen im Bistro Katt<\/strong><\/p><\/blockquote>\n<p>Das Bistro Katt bietet ihnen eine kleine, aber auch spezielle Speisekarte, bestehend aus <strong>bergischen Spezialit\u00e4ten<\/strong>, <strong>mediterranen Grillgerichten<\/strong> und einer Auswahl an <strong>Tapasvariationen<\/strong> an.\u00a0Zudem bieten wir ihnen wechselnde Tagesgerichte vom Fisch \u00fcber Pasta bis hin zum Steak \u00a0&#8211; und vielem mehr.<\/p>\n<blockquote><p>F\u00fcr ihre Feier,\u00a0Empf\u00e4nge und Partys stellen wir mit ihnen zusammen das daf\u00fcr passende Buffet zusammen.<br \/>\nSchauen sie auch in unsere Galerien, dort zeigen wir ihnen einige Gestaltungsbeispiele f\u00fcr Ihre Feier.<\/p>\n<p><a href=\"https:\/\/bistro-katt.eu\/?page_id=126\"><strong>Einrichtungsvariationen<\/strong><\/a><\/p>\n<p><strong><a href=\"https:\/\/bistro-katt.eu\/?page_id=126\">Buffetvariationen<\/a><\/strong><\/p><\/blockquote>\n<p>In regelm\u00e4\u00dfigen Abst\u00e4nden veranstalten wir <strong>Spezialit\u00e4tenabende<\/strong> &#8211; in der Regel mit Klavierbegleitung. Hier bieten wir ihnen immer im <strong>3-G\u00e4nge Menu,<\/strong> unter anderem <strong>G\u00e4nseessen<\/strong> im November, <strong>Fisch- oder Wildspezialit\u00e4ten<\/strong>.<\/p>\n<blockquote><p>Achten sie auf die Hinweise auf der Karte oder sprechen sie uns an&#8230;..<\/p><\/blockquote>\n<p>&#8230; wir freuen uns auf ihren Besuch.<\/p>\n<blockquote><p><strong>Anette &amp; Jens Koriandt<\/strong><\/p><\/blockquote>\n<p><strong>p.s.<\/strong> Bitte beachten sie, dass wir an <strong>Veranstaltungstagen<\/strong> eine<strong> ge\u00e4nderte, kleinere Karte<\/strong> haben. Auch empfehlen wir,<strong> Pl\u00e4tze zu reservieren.<\/strong>\u00a0Bei Veranstaltungen, die im Bistro stattfinden, ist dies in der Regel leider nicht m\u00f6glich (bedingt durch den Aufbau der Bands oder K\u00fcnstler!)<\/p>\n<blockquote><p>Reservierungen k\u00f6nnen sie via eMail an\u00a0<a href=\"katt.bistro@web.de\">katt.bistro@web.de<\/a> oder unter 0176.72610394 bzw. Mittwoch &#8211; Sonntag ab 17 Uhr unter 02196.710577 vornehmen.<\/p><\/blockquote>\n","protected":false},"excerpt":{"rendered":"<p>Liebe G\u00e4ste, herzlich willkommen im Bistro Katt Das Bistro Katt bietet ihnen eine kleine, aber auch spezielle Speisekarte, bestehend aus bergischen Spezialit\u00e4ten, mediterranen&#8230;<\/p>\n","protected":false},"author":1,"featured_media":0,"parent":0,"menu_order":2,"comment_status":"closed","ping_status":"closed","template":"","meta":{"footnotes":""},"class_list":["post-2","page","type-page","status-publish","hentry"],"_links":{"self":[{"href":"https:\/\/bistro-katt.eu\/index.php?rest_route=\/wp\/v2\/pages\/2","targetHints":{"allow":["GET"]}}],"collection":[{"href":"https:\/\/bistro-katt.eu\/index.php?rest_route=\/wp\/v2\/pages"}],"about":[{"href":"https:\/\/bistro-katt.eu\/index.php?rest_route=\/wp\/v2\/types\/page"}],"author":[{"embeddable":true,"href":"https:\/\/bistro-katt.eu\/index.php?rest_route=\/wp\/v2\/users\/1"}],"replies":[{"embeddable":true,"href":"https:\/\/bistro-katt.eu\/index.php?rest_route=%2Fwp%2Fv2%2Fcomments&post=2"}],"version-history":[{"count":27,"href":"https:\/\/bistro-katt.eu\/index.php?rest_route=\/wp\/v2\/pages\/2\/revisions"}],"predecessor-version":[{"id":740,"href":"https:\/\/bistro-katt.eu\/index.php?rest_route=\/wp\/v2\/pages\/2\/revisions\/740"}],"wp:attachment":[{"href":"https:\/\/bistro-katt.eu\/index.php?rest_route=%2Fwp%2Fv2%2Fmedia&parent=2"}],"curies":[{"name":"wp","href":"https:\/\/api.w.org\/{rel}","templated":true}]}}